of 400896?
True
Is 68 a factor of 686431?
False
Is 886 a factor of 6419070?
True
Does 64 divide 73920?
True
Is 6 a factor of 52849?
False
Is 471940 a multiple of 28?
True
Is 35 a factor of 1259265?
True
Is 1554682 a multiple of 85?
False
Does 23 divide 283061?
True
Is 13 a factor of 3511898?
True
Is 74 a factor of 1123838?
True
Is 82801 a multiple of 2?
False
Does 4 divide 7810?
False
Does 119 divide 60728?
False
Is 640 a factor of 4231680?
True
Is 2354 a multiple of 193?
False
Is 7933574 a multiple of 17?
False
Is 22646281 a multiple of 49?
True
Is 17709641 a multiple of 546?
False
Is 8729820 a multiple of 413?
False
Is 436 a factor of 1026530?
False
Is 157 a factor of 130951?
False
Does 3227 divide 16299577?
True
Does 724 divide 2217512?
False
Does 277 divide 564959?
False
Is 14784 a multiple of 44?
True
Is 625926 a multiple of 6?
True
Is 4953984 a multiple of 56?
True
Is 32 a factor of 165792?
True
Is 5 a factor of 2087498?
False
Is 3841833 a multiple of 796?
False
Does 152 divide 15674848?
True
Does 39 divide 112047?
True
Does 8 divide 177599?
False
Is 48 a factor of 524256?
True
Is 2552202 a multiple of 715?
False
Does 467 divide 1837364?
False
Is 580092 a multiple of 188?
False
Does 4 divide 22530?
False
Is 18 a factor of 3394530?
True
Is 6 a factor of 84576?
True
Does 120 divide 10472520?
True
Is 70 a factor of 11201750?
True
Is 14 a factor of 178550?
False
Is 5424020 a multiple of 53?
True
Is 276896 a multiple of 16?
True
Is 1088 a factor of 20864576?
True
Is 19 a factor of 4089?
False
Is 11 a factor of 38802?
False
Does 853 divide 575454?
False
Is 1904216 a multiple of 23?
True
Is 3334896 a multiple of 24?
True
Is 198 a factor of 1346744?
False
Does 10 divide 13852472?
False
Is 171 a factor of 5218578?
True
Is 37475694 a multiple of 33?
False
Does 27 divide 265900?
False
Does 4 divide 7105?
False
Is 50308 a multiple of 54?
False
Does 1095 divide 2646615?
True
Does 591 divide 1689669?
True
Does 23 divide 215602?
True
Is 263340 a multiple of 45?
True
Is 19 a factor of 7029753?
True
Does 16 divide 11612?
False
Is 2 a factor of 81014?
True
Does 70 divide 3529120?
True
Is 8 a factor of 4208?
True
Is 12911704 a multiple of 109?
True
Is 44 a factor of 716452?
True
Is 28 a factor of 612791?
False
Is 37 a factor of 51023?
True
Is 30 a factor of 14281?
False
Does 155 divide 11689480?
True
Is 20 a factor of 1458700?
True
Is 317 a factor of 725996?
False
Does 174 divide 1740?
True
Is 4628 a multiple of 30?
False
Is 100 a factor of 138600?
True
Is 13 a factor of 736140?
False
Is 270886 a multiple of 22?
True
Is 3 a factor of 69642?
True
Is 37 a factor of 8377244?
True
Is 129730 a multiple of 5?
True
Is 1383228 a multiple of 18?
True
Is 436191 a multiple of 24?
False
Is 70224 a multiple of 418?
True
Is 44 a factor of 275528?
True
Does 69 divide 4668816?
True
Does 24 divide 117698?
False
Is 70 a factor of 871973?
False
Does 52 divide 2453880?
True
Is 3617063 a multiple of 285?
False
Is 166 a factor of 777212?
True
Does 536 divide 5627464?
True
Is 36 a factor of 60264?
True
Is 6799610 a multiple of 10?
True
Does 218 divide 17876?
True
Does 108 divide 426924?
True
Does 107 divide 5749109?
False
Is 260326 a multiple of 10?
False
Does 7 divide 1203986?
True
Does 3 divide 59791?
False
Is 36 a factor of 395345?
False
Is 46 a factor of 86869?
False
Is 51 a factor of 567706?
False
Does 58 divide 1868702?
True
Does 3 divide 499952?
False
Does 5 divide 13560?
True
Is 13505976 a multiple of 396?
True
Is 3906742 a multiple of 155?
False
Is 2 a factor of 167974?
True
Is 290 a factor of 30237667?
False
Does 31 divide 5425?
True
Is 26 a factor of 4631016?
True
Is 118 a factor of 19824?
True
Does 2076 divide 504468?
True
Is 363573 a multiple of 597?
True
Is 281285 a multiple of 4?
False
Is 2 a factor of 307?
False
Is 18 a factor of 1241784?
True
Does 10 divide 5220?
True
Is 2995595 a multiple of 13?
False
Is 81209 a multiple of 289?
True
Does 274 divide 953151?
False
Does 10 divide 178262?
False
Is 321 a factor of 273171?
True
Is 336 a factor of 25026288?
True
Is 5383042 a multiple of 23?
False
Is 468936 a multiple of 6?
True
Is 12296848 a multiple of 424?
True
Does 8 divide 375204?
False
Is 340 a factor of 323300?
False
Is 741345 a multiple of 15?
True
Does 3 divide 1173819?
True
Is 620280 a multiple of 90?
True
Is 26231444 a multiple of 332?
False
Is 1120 a factor of 1956640?
True
Is 12600 a multiple of 69?
False
Is 155918 a multiple of 43?
True
Does 96 divide 2580?
False
Does 355 divide 2482870?
True
Is 201 a factor of 143334?
False
Is 47034 a multiple of 9?
True
Does 176 divide 71342?
False
Is 415133 a multiple of 29?
False
Does 12 divide 3168?
True
Is 20 a factor of 1503280?
True
Is 2846012 a multiple of 26?
True
Is 759 a factor of 1487040?
False
Is 101 a factor of 394471?
False
Does 123 divide 142974?
False
Is 133 a factor of 5847?
False
Does 45 divide 466560?
True
Is 4 a factor of 228124?
True
Is 1250198 a multiple of 23?
False
Is 37 a factor of 106819?
True
Is 13 a factor of 294333?
True
Does 239 divide 155589?
True
Is 34 a factor of 887878?
False
Is 87 a factor of 2567544?
True
Is 438 a factor of 2364324?
True
Is 63 a factor of 3109934?
False
Is 6189209 a multiple of 16?
False
Is 32 a factor of 146978?
False
Is 1164482 a multiple of 451?
True
Is 57 a factor of 122550?
True
Does 12 divide 8576676?
True
Is 58 a factor of 1661811?
False
Does 12 divide 62004?
True
Is 293230 a multiple of 295?
True
Is 4 a factor of 232252?
True
Does 18 divide 692261?
False
Is 1403 a factor of 9386070?
True
Does 140 divide 194941?
False
Is 143 a factor of 1388193?
False
Is 120 a factor of 8664840?
True
Is 287883 a multiple of 24?
False
Is 360 a factor of 601920?
True
Is 2568995 a multiple of 13?
True
Does 104 divide 254384?
True
Is 198 a factor of 1141671?
False
Is 465 a multiple of 15?
True
Is 1220362 a multiple of 17?
True
Is 44556 a multiple of 94?
True
Is 11626980 a multiple of 305?
False
Does 14 divide 117526?
False
Is 462 a factor of 2898126?
True
Is 33 a factor of 244681?
False
Is 37 a factor of 19573?
True
Does 105 divide 565215?
True
Is 19043494 a multiple of 46?
True
Does 58 divide 408723?
False
Is 13 a factor of 38404?
False
Is 310062 a multiple of 93?
True
Is 64665 a multiple of 3?
True
Is 10222470 a multiple of 1501?
False
Is 169 a factor of 646075?
False
Does 133 divide 81396?
True
Does 27 divide 201237?
False
Does 76 divide 949544?
True
Is 251 a factor of 73543?
True
Does 156 divide 2153193?
False
Is 18 a factor of 71874?
True
Is 34 a factor of 145146?
True
Is 6788502 a multiple of 14?
True
Does 16 divide 10912?
True
Does 3 divide 35395?
False
Is 12213134 a multiple of 982?
True
Is 8 a factor of 173401?
False
Is 1264800 a multiple of 255?
True
Does 8 divide 4055016?
True
Does 278 divide 4495955?
False
Does 34 divide 153782?
True
Does 58 divide 215211?
False
Is 3 a factor of 385447?
False
Is 7049774 a multiple of 14?
False
Is 4 a factor of 4389824?
True
Is 10 a factor of 36090?
True
Is 372389 a multiple of 5?
False
Does 533 divide 485364?
False
Does 26 divide 90922?
True
Does 22 divide 334?
False
Does 7 divide 426587?
True
Is 1170666 a multiple of 42?
True
Is 56 a factor of 656040?
True
Is 18 a factor of 4196557?
False
Is 766589 a multiple of 163?
True
Is 10 a factor of 93070?
True
Does 30 divide 257554?
False
Is 6530454 a multiple of 23?
False
Is 81998 a multiple of 7?
True
Does 2 divide 3851?
False
Is 397560 a multiple of 19?
False
Is 14319 a multiple of 9?
True
Is 2 a factor of 1576?
True
Is 84464 a multiple of 16?
True
Is 86670 a multiple of 301?
False
Is 4894661 a multiple of 883?
False
Is 109 a factor of 3966288?
False
Is 716200 a multiple of 436?
False
Is 13 a factor of 1533792?
True
Does 69 divide 221973?
True
Does 7 divide 265458?
False
Is 48 a factor of 80776?
False
Does 81 divide 2202?
False
Is 195 a factor of 36114?
False
Does 331 divide 16219?
True
Does 483 divide 12795153?
True
Is 1124780 a multiple of 31?
False
Does 217 divide 114476?
False
Does 4 divide 654972?
True
Is 2160108 a multiple of 108?
True
Is 18 a factor of 261936?
True
Does 4 divide 615274?
False
Is 5927 a multiple of 3?
False
Is 4206534 a multiple of 31?
False
Does 733 divide 1534025?
False
Is 197098 a multiple of 106?
False
Is 167 a factor of 231629?
True
Is 47 a factor of 1993338